= u**2 - 7*u - 26. Give g(9).
-8
Let l(r) = r**3 - 6*r**2 - 22*r + 43. Give l(8).
-5
Let c(m) = m**3 + 5*m**2 + 4*m + 7. What is c(-5)?
-13
Let b(u) = 8*u + 4. Give b(-18).
-140
Let u(t) = t**2 + 2*t + 40. Determine u(0).
40
Let k(o) = 5*o**3 + 2*o**2 + 2*o - 1. Determine k(2).
51
Let d(g) = 2*g**3 + 13*g**2 + g - 6. What is d(-6)?
24
Let t(h) = -h**3 - 5*h**2 + 6*h + 6. What is t(-6)?
6
Let x(b) = b**2 - 5*b + 4. Give x(8).
28
Let a(q) = -q**2 + 9*q - 7. What is a(6)?
11
Let g(s) = s - 3. Determine g(-8).
-11
Let x(q) = 2*q**2 - 64*q + 64. Determine x(31).
2
Let d(o) = 2*o**2 + 13*o + 10. Give d(-6).
4
Let h(o) = -3*o + 10. Determine h(7).
-11
Let u(d) = 13*d - 5. What is u(1)?
8
Let g(i) = 4*i - 5. Determine g(1).
-1
Let u(l) = -3*l**2 + 13*l + 9. What is u(5)?
-1
Let i(j) = -j + 8. Give i(5).
3
Let p(t) = 6*t + 30. Calculate p(-5).
0
Let r(k) = k**2 - 8*k + 63. Determine r(8).
63
Let m(v) = -v**3 - 4*v**2 + 11*v - 14. Determine m(-6).
-8
Let c(w) = -w**2 + 7*w - 4. Give c(7).
-4
Let g(f) = -f**2 - 9*f + 10. What is g(-7)?
24
Let t(d) = -d**2 - 8*d + 9. Calculate t(-10).
-11
Let i(k) = -29*k + 1. Determine i(1).
-28
Let c(l) = 12*l - 50. Give c(7).
34
Let k(b) = -7*b - 28. Determine k(-6).
14
Let g(r) = 4*r - 62. Calculate g(25).
38
Let z(w) = -w**3 + 12*w**2 - 26*w - 3. What is z(9)?
6
Let h(z) = -z**3 - 12*z**2 - z - 11. Calculate h(-12).
1
Let p(j) = -12*j + 260. Give p(21).
8
Let s(k) = k**3 + 3*k**2 + 2*k - 4. Determine s(-3).
-10
Let a(u) = -u**3 + 5*u**2 - 3*u - 4. What is a(3)?
5
Let g(n) = -n**3 - 17*n**2 + 18*n - 45. Determine g(-18).
-45
Let j(o) = -12*o + 157. Calculate j(14).
-11
Let g(v) = 12*v - 2. Calculate g(2).
22
Let f(p) = -2*p + 3. Determine f(2).
-1
Let y(x) = -3*x + 5. What is y(8)?
-19
Let o(x) = 4*x - 29. Calculate o(10).
11
Let i(m) = m**2 - 2*m - 4. Determine i(4).
4
Let j(y) = -y + 3. Give j(0).
3
Let t(w) = 2*w**2 + 4*w. What is t(-3)?
6
Let b(q) = -4*q**2 - 67*q - 17. Calculate b(-14).
137
Let v(i) = i**3 + 7*i**2 + 6*i + 4. Determine v(-6).
4
Let m(t) = 5*t - 3. Calculate m(1).
2
Let v(p) = -p**2 + 16*p - 24. Determine v(12).
24
Let g(i) = 5*i - 4. What is g(4)?
16
Let r(m) = m**2 + 15*m + 31. What is r(-13)?
5
Let x(i) = 9*i**3 + 4*i**2 - i. Calculate x(1).
12
Let f(d) = -d**2 + 13*d + 5. What is f(7)?
47
Let w(z) = z**3 - 16*z**2 + 17*z - 32. What is w(15)?
-2
Let q(x) = -x**3 + 7*x**2 + x + 8. What is q(7)?
15
Let q(a) = -83*a - 1486. Calculate q(-18).
8
Let f(k) = k**2 - 6*k - 8. Give f(-2).
8
Let u(k) = -k + 7. Determine u(8).
-1
Let a(b) = b**3 + 45*b**2 + 201*b + 40. Calculate a(-40).
0
Let c(v) = 2*v**2 + 61*v + 2. What is c(-30)?
-28
Let j(l) = -l**3 + 2*l**2 - l + 4. What is j(3)?
-8
Let z(d) = 39*d + 124. What is z(-3)?
7
Let p(w) = -210*w - 630. What is p(-3)?
0
Let h(v) = v**3 + 4*v**2 - 9*v - 6. What is h(-4)?
30
Let a(c) = 3*c + 9. Give a(-13).
-30
Let z(p) = p**3 - 4*p**2 - 12*p - 4. Determine z(6).
-4
Let c(u) = -u**2 + 3*u + 22. Calculate c(9).
-32
Let a(c) = 2*c**2 - 10*c - 8. Give a(6).
4
Let c(m) = -25*m**2 + 3*m - 2. Calculate c(1).
-24
Let p(t) = -t**2 + 8*t - 13. Give p(3).
2
Let y(x) = -x**3 + 4*x**2 - 4*x - 2. Calculate y(3).
-5
Let k(c) = c**3 + 16*c**2 - 2*c - 13. Calculate k(-16).
19
Let n(h) = 28*h**3 + 1. Give n(-1).
-27
Let q(v) = -5*v - 11. Give q(0).
-11
Let n(v) = 8*v**3 + 3*v - 4. What is n(2)?
66
Let k(c) = c - 3. Calculate k(12).
9
Let o(g) = -g**2 - g - 15. What is o(0)?
-15
Let f(o) = o + 3. Calculate f(-2).
1
Let q(z) = 5*z + 10. Calculate q(5).
35
Let c(t) = t**2 + 3*t + 12. Calculate c(-3).
12
Let x(o) = -2*o - 7. Give x(-4).
1
Let j(s) = 2*s + 1. What is j(2)?
5
Let i(o) = -o**3 + 6*o**2 + 7*o - 8. Give i(7).
-8
Let u(z) = -z**3 + 6*z**2 + 6*z + 2. Give u(5).
57
Let i(b) = b**3 + 10*b**2 - 7*b + 3. What is i(-11)?
-41
Let w(t) = t**2 - 9*t - 3. Calculate w(9).
-3
Let j(x) = 9*x**2 - 7*x - 2. Determine j(1).
0
Let n(j) = j**3 - 21*j**2 + 3*j - 1. Give n(21).
62
Let x(n) = -6*n - 3. Determine x(-12).
69
Let d(k) = k**2 + 15*k + 11. Give d(-10).
-39
Let c(s) = s - 1. Calculate c(-19).
-20
Let y(g) = -5*g + 96. Give y(19).
1
Let p(m) = -3*m**2 + 4*m - 1. Determine p(5).
-56
Let s(a) = a**3 - 20*a**2 + 36*a + 14. Determine s(18).
14
Let u(v) = 2*v**3 - 3*v**2 + 4*v. Determine u(0).
0
Let z(a) = -5*a**2 + 4*a - 3. Give z(3).
-36
Let s(d) = 3*d**3 - 9*d**2 + 7*d + 6. Determine s(5).
191
Let z(m) = -7*m**2 + 140*m - 9. Give z(20).
-9
Let c(n) = n**3 + 3*n**2 - 3*n - 1. Calculate c(-4).
-5
Let y(g) = 12*g - 2. Determine y(-3).
-38
Let s(j) = j**2 + 11*j + 12. Determine s(-10).
2
Let i(w) = -w**2 - 14*w - 16. Give i(-14).
-16
Let h(u) = -3*u - 16. Give h(20).
-76
Let i(m) = m**3 - 3*m**2 + 6*m - 47. Give i(4).
-7
Let d(t) = 10*t - 2. Determine d(0).
-2
Let a(b) = -b**2 - 8*b + 7. Determine a(-7).
14
Let h(f) = 4*f**2 + 6*f - 16. Determine h(2).
12
Let c(p) = p**3 - 11*p**2 + 16*p + 26. What is c(9)?
8
Let f(r) = 2*r**2 + 9*r - 16. Give f(-6).
2
Let l(q) = -q**3 - 10*q**2 - 8*q + 4. Determine l(-9).
-5
Let b(g) = -6*g + 40. Calculate b(12).
-32
Let o(z) = -4*z + 5. Give o(-5).
25
Let i(p) = -p**2 + 22*p - 111. Give i(5).
-26
Let n(a) = a**2 + 6*a - 1. Calculate n(-6).
-1
Let x(f) = -f**3 - 3*f**2 + 6*f + 5. Calculate x(-6).
77
Let m(w) = w**3 + 20*w**2 - 68*w + 19. Give m(-23).
-4
Let j(m) = m**2 + 19*m - 6. Determine j(-20).
14
Let x(j) = -2*j + 7. Give x(19).
-31
Let p(i) = -13*i - 10. Give p(0).
-10
Let o(s) = s**3 - 9*s**2 - 2*s - 13. Calculate o(9).
-31
Let v(o) = o**3 - 7*o**2 + 7*o - 6. What is v(5)?
-21
Let d(r) = -r**2 - 30*r + 59. Give d(-32).
-5
Let b(d) = 2*d**2 + 42*d - 53. Give b(-22).
-9
Let r(t) = 47*t + 258. Calculate r(-6).
-24
Let y(n) = -n**2 - 6*n + 1. Calculate y(-4).
9
Let v(b) = 18*b + 29. Calculate v(-1).
11
Let y(z) = -z**2 + 22*z - 20. What is y(23)?
-43
Let b(k) = -4*k + 1. Calculate b(2).
-7
Let h(l) = -2*l - 9. Give h(-5).
1
Let r(h) = 11*h**2 + 2*h - 3. What is r(1)?
10
Let g(h) = -h**2 + 6*h - 7. What is g(10)?
-47
Let f(p) = p**3 - 5*p**2 - 10*p + 7. Calculate f(6).
-17
Let p(u) = u**2 + 9*u + 14. What is p(-6)?
-4
Let u(o) = o**2 + 4*o. Determine u(-4).
0
Let v(g) = -46*g - 13. Determine v(-2).
79
Let v(k) = k**3 + 15*k**2 + 15*k + 16. What is v(-14)?
2
Let u(y) = -y**3 - 13*y**2 + 2*y + 19. Give u(-13).
-7
Let n(f) = f**2 + 3*f - 67. Give n(7).
3
Let p(y) = -y**3 + 11*y**2 - 29. What is p(11)?
-29
Let o(x) = -2*x**2 - 16*x + 13. Give o(-9).
-5
Let u(j) = j**2 + 3*j - 8. What is u(-5)?
2
Let c(n) = -n**3 + 3*n**2 + 2*n + 4. What is c(4)?
-4
Let v(h) = -h**3 + 6*h**2 + 8*h - 12. Calculate v(7).
-5
Let c(r) = 4*r**2 + r + 1. Give c(-2).
15
Let k(b) = b**3 + 3*b**2 - b - 2. Determine k(-3).
1
Let g(h) = -3*h + 20. Give g(7).
-1
Let a(z) = -z**3 + 9*z**2 - 10*z - 6. What is a(9)?
-96
Let a(t) = -24*t**2 + 9*t + 8. What is a(-1)?
-25
Let h(y) = -y**2 - 19*y + 27. Determine h(-19).
27
Let o(m) = -m**3 - 21*m**2 + 23*m - 2. Give o(-22).
-24
Let l(y) = 6*y - 29. Calculate l(-4).
-53
Let x(i) = i - 6. What is x(-11)?
-17
Let q(d) = 3*d**2 - 15*d + 3. Give q(5).
3
Let k(d) = -3*d**2 + 66*d - 128. Determine k(2).
-8
Let w(k) = -3*k**3 - k**2 - 51*k + 51. Determine w(1).
-4
Let j(h) = -3*h + 57. Determine j(11).
24
Let w(g) = -g**3 + 8*g**2 - 6*g + 9. Calculate w(6).
45
Let t(n) = -n**2 - 2*n + 3. Give t(-5).
-12
Let z(i) = -21*i. Calculate z(-1).
21
Let u(y) = y**3 + 8*y**2 - 12*y - 47. Determine u(-9).
-20
Let j(a) = a**3 - 12*a**2 - 16*a + 23. What is j(13)?
-16
Let d(k) = -15*k - 95. Determine d(-5).
-20
Let r(l) = -11*l + 589. Determine r(53).
6
Let u(i) = i**2 + 10*i - 8. Determine u(5).
67
Let s(o) = -18*o**3 + 2*o**2 + o. Determine s(-1).
19
Let u(d) = -d**2 + 9. What is u(8)?
-55
Let g(f) = f**3 - 7*f**2 + 8*f + 6. What is g(6)?
18
Let d(u) = -u**3 - 13*u**2 + 9*u - 60. What is d(-14)?
10
Let c(n) = n**3 - 17*n**2 + 14*n + 31. Give c(16).
-1
Let c(q) = -q**3 - 13*q**2 - 11*q + 15. What is c(-12)?
3
Let s(g) = -3*g - 35. Give s(-18).
19
Let i(z) = 4*z**2 - 18*z. Calculate i(5).
10
Let f(z) = -z**2 + 2*z + 104. Give f(11).
5
Let h(i) = -2*i. Give h(-1).
2
Let a(p) = -p**2 - 7*p - 9. Determine a(-4).
3
Let z(d) = d**3 - 5*d**2 + 4. Give z(5).
4
Let v(q) = q - 24. What is v(-10)?
-34
Let k(f) = f**2 - f + 5. What is k(0)?
5
Let t(u) = -u**3 - 18*u